me number?
True
Is 57397003 prime?
False
Is 9297923 composite?
True
Is 73252499 prime?
True
Is 17323123 composite?
False
Is 289295567 composite?
True
Is 1258771 composite?
False
Is 812587 a composite number?
False
Is 41657683 a prime number?
False
Is 178790129 a composite number?
True
Is 100755197 prime?
True
Is 23082883 prime?
True
Is 10669249 a prime number?
False
Is 120077 a composite number?
False
Is 1543687 a prime number?
True
Is 69877039 a prime number?
True
Is 346259 composite?
False
Is 29718867 a composite number?
True
Is 20678027 composite?
False
Is 8015167 a composite number?
False
Is 19455461 a prime number?
True
Is 320609 composite?
False
Is 552649 composite?
False
Is 56605171 a composite number?
True
Is 4704107 composite?
False
Is 2647361 prime?
True
Is 6445639 a prime number?
True
Is 9419395 composite?
True
Is 1973407 composite?
False
Is 3293923 prime?
True
Is 4126009 a prime number?
True
Is 1484999 a prime number?
True
Is 17572301 composite?
True
Is 53663443 a composite number?
False
Is 40803591 a composite number?
True
Is 132154801 a prime number?
True
Is 5689807 prime?
False
Is 24219121 composite?
False
Is 43150337 composite?
False
Is 1004651 a prime number?
True
Is 91405099 a composite number?
False
Is 13101341 a prime number?
False
Is 79030513 a prime number?
True
Is 1948993 a prime number?
True
Is 51833281 a prime number?
True
Is 240098063 a composite number?
False
Is 70654763 a composite number?
False
Is 14104799 a composite number?
True
Is 15653159 a prime number?
True
Is 3368837 a composite number?
False
Is 163711227 composite?
True
Is 233743 composite?
False
Is 228600503 a prime number?
False
Is 305193783 composite?
True
Is 206015657 prime?
True
Is 19757459 a prime number?
True
Is 366151 composite?
True
Is 41922149 a composite number?
False
Is 9450097 prime?
True
Is 4256149 composite?
True
Is 43523773 composite?
False
Is 32962373 a prime number?
True
Is 8460143 composite?
False
Is 58673185 composite?
True
Is 17091619 prime?
True
Is 11286547 a prime number?
True
Is 24830369 prime?
True
Is 4713265 a composite number?
True
Is 2288041 a composite number?
True
Is 2617177 prime?
False
Is 35216939 composite?
True
Is 4807483 composite?
True
Is 10585199 a prime number?
False
Is 8771361 prime?
False
Is 960851 composite?
True
Is 27688901 a prime number?
True
Is 647573 a prime number?
False
Is 12780763 a prime number?
True
Is 1290999 a prime number?
False
Is 15229063 a composite number?
False
Is 393395009 prime?
False
Is 874799 a prime number?
True
Is 264587 a prime number?
False
Is 185977487 a prime number?
True
Is 9164885 composite?
True
Is 13788611 prime?
True
Is 1378427 composite?
False
Is 313661 composite?
False
Is 4810993 a prime number?
False
Is 22081333 composite?
False
Is 1025954645 a composite number?
True
Is 15360789 a composite number?
True
Is 509107 a composite number?
True
Is 241191713 a prime number?
False
Is 143645767 composite?
True
Is 488694919 a prime number?
True
Is 154297007 composite?
False
Is 34016743 prime?
True
Is 30084377 a composite number?
False
Is 49337479 a composite number?
True
Is 3367591 a composite number?
True
Is 5010877 a prime number?
True
Is 47670573 prime?
False
Is 1068323 a prime number?
True
Is 1503917 a prime number?
False
Is 1736457 a composite number?
True
Is 5686711 composite?
False
Is 3760639 prime?
True
Is 1428313933 prime?
False
Is 677749 prime?
False
Is 227648339 prime?
False
Is 442489981 a composite number?
True
Is 13861183 a composite number?
True
Is 554945 a composite number?
True
Is 1023353 a prime number?
True
Is 63660533 prime?
False
Is 234398741 a prime number?
True
Is 2099953 a composite number?
True
Is 359041 a prime number?
True
Is 2117614 a composite number?
True
Is 277423277 composite?
False
Is 142106729 prime?
False
Is 143348021 a prime number?
True
Is 1532231 prime?
True
Is 572516533 a prime number?
True
Is 5222237 a prime number?
True
Is 4016879 a prime number?
False
Is 1210577 composite?
True
Is 28459 a composite number?
True
Is 19034957 prime?
True
Is 2345641 prime?
True
Is 784307 a composite number?
False
Is 944701 a composite number?
False
Is 130427369 a prime number?
True
Is 214146789 prime?
False
Is 6824999 composite?
True
Is 19731113 a composite number?
True
Is 3496813 composite?
True
Is 22347407 a prime number?
True
Is 18462713 a composite number?
False
Is 36843853 prime?
False
Is 4655723 a prime number?
True
Is 50742389 composite?
True
Is 102836087 a prime number?
False
Is 27320749 a composite number?
True
Is 290151107 a composite number?
False
Is 46238471 composite?
False
Is 22661941 prime?
False
Is 21442753 a prime number?
True
Is 5659751 composite?
False
Is 4069055 prime?
False
Is 12250393 prime?
True
Is 72843 a composite number?
True
Is 40014827 a composite number?
False
Is 222631 a prime number?
False
Is 481503683 prime?
False
Is 25002203 prime?
False
Is 29834587 a composite number?
True
Is 946639 composite?
True
Is 33957799 a prime number?
False
Is 1938359 prime?
True
Is 6471541 a composite number?
False
Is 61059821 composite?
False
Is 534165367 composite?
False
Is 48691613 composite?
False
Is 113998847 a prime number?
False
Is 184355029 prime?
True
Is 12191033 a composite number?
True
Is 175123493 composite?
False
Is 24745607 composite?
True
Is 69135949 a prime number?
True
Is 2823787 a prime number?
False
Is 382708465 composite?
True
Is 1290091 a prime number?
False
Is 7144495 prime?
False
Is 6214987 a prime number?
False
Is 41937367 prime?
False
Is 53214389 prime?
False
Is 7523513 a composite number?
False
Is 2549627 a prime number?
False
Is 20553989 composite?
False
Is 6234301 prime?
False
Is 334437469 composite?
False
Is 5464955 prime?
False
Is 29517443 a composite number?
True
Is 203150287 a prime number?
False
Is 139638349 prime?
False
Is 14144161 composite?
False
Is 81998389 a composite number?
True
Is 24614015 prime?
False
Is 59886133 a composite number?
False
Is 79967369 prime?
False
Is 217305349 prime?
True
Is 521712879 prime?
False
Is 15050003 composite?
True
Is 1135931 composite?
True
Is 3568837 composite?
False
Is 50705003 a composite number?
True
Is 13451511 a composite number?
True
Is 163367 composite?
False
Is 5149841 a composite number?
False
Is 248554 composite?
True
Is 722633 composite?
False
Is 8011091 a composite number?
True
Is 12508519 prime?
True
Is 48569749 a prime number?
False
Is 41537683 composite?
True
Is 19175021 composite?
False
Is 9848927 composite?
True
Is 14624317 a prime number?
True
Is 10205927 prime?
True
Is 196751 a composite number?
False
Is 152837917 a prime number?
False
Is 20331723 a prime number?
False
Is 21175067 composite?
False
Is 3768241 a prime number?
True
Is 16662157 composite?
False
Is 175799 prime?
False
Is 23583383 a composite number?
False
Is 166374622 composite?
True
Is 135646289 a prime number?
True
Is 18016599 composite?
True
Is 9985487 a prime number?
False
Is 13274179 composite?
True
Is 2044345 a composite number?
True
Is 5317271 a prime number?
True
Is 49660711 a composite number?
True
Is 3657971 composite?
True
Is 72653489 a composite number?
False
Is 156724957 a composite number?
False
Is 131183047 prime?
False
Is 38896789 a prime number?
False
Is 5873359 prime?
True
Is 4324751 a composite number?
False
Is 8942233 composite?
False
Is 900805 composite?
True
Is 50707837 composite?
False
Is 152303533 a prime number?
True
Is 1077221 a prime number?
True
Is 45613969 a prime number?
True
Is 9905569 a prime number?
False
Is 1289779 a prime number?
True
Is 240096215 a prime number?
False
Is 940501 a prime number?
True
Is 27953059 composite?
False
Is 44291237 a composite number?
True
Is 47774722 a composite number?
True
Is 42091438 prime?
False
Is 1624333 a composite number?
True
Is 7511371 composite?
True
Is 135712271 a composite number?
False
Is 14815147 prime?
False
Is 31363951 a composite number?
False
Is 1342969 composite?
False
Is 233867 a prime number?
False
Is 1804199 prime?
True
Is 1062239 a prime number?
False
Is 1849037 composite?
False
Is 127887349 composite?
True
Is 254847689 a composite number?
True
Is 2407877 a prime number?
True
Is 3839721 a composite number?
True
Is 13519361 a prime number?
True
Is 15899469 prime?
False
Is 2821331 a prime number?
True
Is 82865807 prime?
False
Is